{"id":3538,"date":"2024-03-18T10:45:03","date_gmt":"2024-03-18T09:45:03","guid":{"rendered":"http:\/\/www.gva-cadrans.ch\/?page_id=3538"},"modified":"2024-03-18T10:46:57","modified_gmt":"2024-03-18T09:46:57","slug":"engagements-rse","status":"publish","type":"page","link":"https:\/\/www.gva-cadrans.ch\/index.php\/engagements-rse\/","title":{"rendered":"Engagements RSE"},"content":{"rendered":"\n<style type=\"text\/css\" data-created_by=\"avia_inline_auto\" id=\"style-css-av-2bm6xe-7908d2f4ff5727124e653e01ae3196fd\">\n.flex_column.av-2bm6xe-7908d2f4ff5727124e653e01ae3196fd{\nborder-radius:0px 0px 0px 0px;\npadding:0px 0px 0px 0px;\n}\n<\/style>\n<div  class='flex_column av-2bm6xe-7908d2f4ff5727124e653e01ae3196fd av_one_full  avia-builder-el-0  avia-builder-el-no-sibling  first flex_column_div av-zero-column-padding  '     ><section  class='av_textblock_section av-ltwqe2en-57a9a29fce4555f0678fb4d5dbe08e39 '   itemscope=\"itemscope\" itemtype=\"https:\/\/schema.org\/CreativeWork\" ><div class='avia_textblock'  itemprop=\"text\" ><h3>Engag\u00e9s dans une d\u00e9marche RSE<\/h3>\n<p>Notre devoir de diligence nous conduit \u00e0 diffuser les documents inh\u00e9rents \u00e0 notre d\u00e9marche que vous trouverez ci-dessous.<\/p>\n<ul>\n<li><a href=\"http:\/\/www.gva-cadrans.ch\/wp-content\/uploads\/2024\/03\/pr-m1-003-_-procedure-__-charte-RSE.pdf\">Charte RSE<\/a><\/li>\n<li><a href=\"http:\/\/www.gva-cadrans.ch\/wp-content\/uploads\/2024\/03\/pr-m1-011-_-procedure-__-Directives-de-Gestion-environnementale.pdf\">Directives de Gestion environnementale<\/a><\/li>\n<li><a href=\"http:\/\/www.gva-cadrans.ch\/wp-content\/uploads\/2024\/03\/pr-m1-010-_-procedure-__-code-de-conduite.pdf\">Code de conduite fournisseur<\/a><\/li>\n<li><a href=\"http:\/\/www.gva-cadrans.ch\/wp-content\/uploads\/2024\/03\/Rapport-de-durabilite.pdf\">Rapport de durabilit\u00e9<\/a><\/li>\n<li><a href=\"http:\/\/www.gva-cadrans.ch\/wp-content\/uploads\/2024\/03\/pr-m1-014-_-procedure-__-plaintes-externe.pdf\">Gestion des plaintes<\/a><\/li>\n<li><a href=\"http:\/\/www.gva-cadrans.ch\/wp-content\/uploads\/2024\/03\/pr-m1-019-_-declaration-universelle-des-droits-de-lhomme.pdf\">D\u00e9claration universelle des droits de l&rsquo;homme<\/a><\/li>\n<\/ul>\n<\/div><\/section><\/div>\n","protected":false},"excerpt":{"rendered":"","protected":false},"author":1,"featured_media":0,"parent":0,"menu_order":0,"comment_status":"closed","ping_status":"closed","template":"","meta":{"footnotes":""},"_links":{"self":[{"href":"https:\/\/www.gva-cadrans.ch\/index.php\/wp-json\/wp\/v2\/pages\/3538"}],"collection":[{"href":"https:\/\/www.gva-cadrans.ch\/index.php\/wp-json\/wp\/v2\/pages"}],"about":[{"href":"https:\/\/www.gva-cadrans.ch\/index.php\/wp-json\/wp\/v2\/types\/page"}],"author":[{"embeddable":true,"href":"https:\/\/www.gva-cadrans.ch\/index.php\/wp-json\/wp\/v2\/users\/1"}],"replies":[{"embeddable":true,"href":"https:\/\/www.gva-cadrans.ch\/index.php\/wp-json\/wp\/v2\/comments?post=3538"}],"version-history":[{"count":4,"href":"https:\/\/www.gva-cadrans.ch\/index.php\/wp-json\/wp\/v2\/pages\/3538\/revisions"}],"predecessor-version":[{"id":3549,"href":"https:\/\/www.gva-cadrans.ch\/index.php\/wp-json\/wp\/v2\/pages\/3538\/revisions\/3549"}],"wp:attachment":[{"href":"https:\/\/www.gva-cadrans.ch\/index.php\/wp-json\/wp\/v2\/media?parent=3538"}],"curies":[{"name":"wp","href":"https:\/\/api.w.org\/{rel}","templated":true}]}}